 b is divided by w.
2
Suppose -6*m + a - 249 = -7*m, -5*m + 1210 = -2*a. What is the remainder when m is divided by 39?
10
Let v(n) = -6*n**2 - 3*n - 7. Let l be v(-3). Let m = -36 - l. Calculate the remainder when 61 is divided by m.
13
Suppose 3*a - 2*a = 22. Let r = a - -27. Suppose u - 14 = -0*f + 3*f, -4*u + 2*f = -66. What is the remainder when r is divided by u?
15
Let t(s) = 5*s**2 - 46*s + 249. What is the remainder when 353 is divided by t(7)?
9
Let m be 3/9 + (-140)/(-12). Suppose -4*o - 16 - m = 0. Calculate the remainder when (-215)/o - 6/(-21) is divided by 11.
9
Let j(s) = 7*s**2 + 7 - 4*s**2 + s**3 + s + 3*s**2 - 2*s. Suppose -4*h + 8 = -2*h. What is the remainder when j(-6) is divided by h?
1
Let j(s) = 3*s**3 - 4*s**2 - s + 4. Let z(t) = -4*t - 12. Let f be z(-20). Let d = f - 52. What is the remainder when j(3) is divided by d?
14
Let b = -4680 + 4697. Let v = 16 - 11. Suppose 74 + 251 = v*a. Calculate the remainder when a is divided by b.
14
Let s = -1981 + 1994. What is the remainder when 1751 is divided by s?
9
Suppose 483*m - 478*m - 110 = 0. What is the remainder when 592 is divided by m?
20
Calculate the remainder when (6/((-120)/(-385)))/(2/16) is divided by 53.
48
Let x be (2/(-1))/(((-25)/5)/(-25)). Calculate the remainder when 17 is divided by x/(-4)*(3 - -1).
7
Suppose 0*j - 1 = -5*j + y, 4*y + 4 = -3*j. Suppose -s - 1 = j, 0 = 5*x + s - 4. Calculate the remainder when (-1 - x)*(-9)/6 is divided by 2.
1
Let y = 2 + 21. Suppose 2*r = 4*t + 34, -y = -r + 3*t - 3. What is the remainder when (r/(-3))/(2/(-6)) is divided by 4?
3
Let g = -13 + -12. Let k(c) = -c**3 - 6*c**2 - 5*c - 13. Calculate the remainder when k(-7) is divided by 2/5 + (-215)/g.
8
Let n = 151 - 78. Calculate the remainder when n is divided by 13.
8
Suppose -10*f - 17 = -57. Calculate the remainder when 16 + -2 + 5 - 4 is divided by f.
3
Let l(d) = 3*d**3 + 2*d**2 + 6*d - 5. Let f(v) = 2*v**3 + 2*v**2 + 5*v - 5. Let n(y) = -4*f(y) + 3*l(y). What is the remainder when n(4) is divided by 10?
9
Let w(b) = b**3 + 7*b**2 - 9*b - 2. Let f be w(-8). Suppose -f*k + 304 = -14. Suppose 3 = 4*g - k. What is the remainder when 55 is divided by g?
13
Let i = 14 + -11. Suppose 0 = i*g + 3*g + 60. Let v = 57 + g. What is the remainder when v is divided by 24?
23
Let b(t) = t**2 + 46*t + 39. What is the remainder when 222 is divided by b(0)?
27
Let h(g) = -g**3 - 5*g**2 + 8*g - 2. Calculate the remainder when h(-7) is divided by 14.
12
Let g(a) = -62*a - 4. Let p be g(2). Let y = p + 138. Calculate the remainder when 38 is divided by y.
8
Suppose -4*k = -3*q - 82 - 14, -q = -4. What is the remainder when 782 is divided by k?
26
Suppose -3*u - 2*u = -85. Suppose 4*a - u - 47 = 0. What is the remainder when 77 is divided by a?
13
Suppose 0 = 3*v + 38 + 64. Let w = 63 + v. Suppose -2*h + 10 = -4*d, -26 - w = -2*h - 5*d. Calculate the remainder when 44 is divided by h.
14
Let h = 207 - 138. Calculate the remainder when h is divided by (-36)/(14/(-4) + 2).
21
Let u be (18 - (-2 + 3))/1. Let d = u + -10. Suppose w = -0*w + d. Calculate the remainder when w is divided by 4.
3
Let d = 1272 - 902. Calculate the remainder when d is divided by 12.
10
Suppose -s - 4 = -2*s, -2*s = -f - 6. Suppose f*o + 8 - 106 = 0. What is the remainder when o is divided by 10?
9
Suppose 5*h - 5*r = -3*r + 424, 2*r = -3*h + 248. Calculate the remainder when h is divided by (-28)/14 + 19*(-1)/(-1).
16
Suppose 53 + 21 = 2*w. Calculate the remainder when 147 is divided by w.
36
Suppose -38*z + 33*z - 20 = 0, 3*z = -4*d + 648. What is the remainder when d is divided by 14?
11
Let n = 133 - 131. Suppose -5*k + 175 = n*h, -4*h - 5*k = -3*k - 342. What is the remainder when h is divided by 44?
41
Let w = 84 - 53. Calculate the remainder when w is divided by 17.
14
Suppose -1 = w, -3*s - 6*w + 3*w = -3. Suppose j + h + s = -0*j, -3*h = -3*j + 18. Suppose 4 = j*u - 8. Calculate the remainder when u is divided by 4.
2
Suppose -2*g = 6*g - 1576. Calculate the remainder when g is divided by 10.
7
Let u(i) = 5*i**2 + 88*i - 25. Calculate the remainder when 789 is divided by u(-18).
8
Let x(a) = 2*a**2 - 9*a + 11. Let r be (15 - -9)*(-1 - 8/(-6)). What is the remainder when x(r) is divided by 23?
21
Suppose 2*s - 8 = -4*j + 10, 21 = 4*j + 3*s. Suppose 6*h - h - 185 = -4*k, j*k = -5*h + 140. Calculate the remainder when k is divided by 12.
9
Suppose -17*f + 98 + 225 = 0. Calculate the remainder when 56 is divided by f.
18
Let p(x) = x - 2. Let j = -433 - -451. Calculate the remainder when j is divided by p(6).
2
Let a(o) = -o**2 + 34. Let l = 49 + -35. What is the remainder when l is divided by a(5)?
5
Suppose -6*y - m = -y, -2*m = -4*y. Suppose y = 5*b - b - 204. What is the remainder when b is divided by 13?
12
Suppose 41*u - 48*u = -294. Suppose n + 30 = 3*n. What is the remainder when u is divided by n?
12
Let t be -11 + 12 - (26 + -1). Let b = t + 28. Suppose -2*q - 2*o = -30, -b*o + 14 = 2*q - 20. Calculate the remainder when q is divided by 4.
1
Suppose -396*h + 401*h - 65 = 0. Calculate the remainder when 161 is divided by h.
5
Let t = -1172 + 1213. Calculate the remainder when 176 is divided by t.
12
What is the remainder when 3*(-2 - (-7 - (4 + -6))) is divided by 1*-1 - (-7 - -2)?
1
Suppose 5*b - 102 = 513. What is the remainder when b is divided by 25?
23
Suppose 5*d + r = 9, -1 - 11 = -5*d + 2*r. Suppose -4*z - d*n = 4 - 166, -n - 3 = 0. Calculate the remainder when 207 is divided by z.
39
Suppose -35 + 5 = -c + 5*v, -4*c - 2*v + 208 = 0. Let s = c + -27. Let u(x) = -x**3 - 18*x**2 + 40*x + 12. What is the remainder when s is divided by u(-20)?
11
Let i = 16 + -12. Suppose -s - 11 = -z - 3, i*z - 5*s = 27. What is the remainder when 64 is divided by z?
12
Let a = 5 + -6. Calculate the remainder when (-1)/((-153)/(-156) + a) + 2 is divided by -21*5/(15/(-2)).
12
Let l = 22 - 2. Suppose 0 = 5*x + l, -2*j + j + 5*x = -21. What is the remainder when 37 - 1/(j/(-4)) is divided by 14?
13
Let l = 13 - 3. Suppose 3*w + 4 = 16. Suppose 2*n - 5*i - 61 - 38 = 0, 0 = n + w*i - 17. Calculate the remainder when n is divided by l.
7
Suppose 0 = -4*r - 2*c + 24, -3*c + 9 = -r + 22. What is the remainder when 720/28 - (-2)/7 is divided by r?
5
Let k be (3/(-2))/(((-4)/(-8))/(-1)). Suppose -k*g + 2*g + 95 = 0. What is the remainder when g is divided by 32?
31
Let t(c) = -c - 9. Let b be t(-8). Suppose 4*p - 67 - 61 = 0. What is the remainder when p is divided by 4/(-2) + (12 - b)?
10
Suppose -1304 - 1396 = -3*l - m, -2*m = 5*l - 4501. Calculate the remainder when l is divided by 182.
171
Suppose z + 0 - 3 = -j, -2*z = -j - 18. Suppose y - z = -4. Suppose -x - y*m = 7, -x - 3*m = 4*x - 13. Calculate the remainder when 7 is divided by x.
2
Let v = 274 + -173. Let j(r) = -r**3 - 5*r**2 + 10*r - 2. Let y(n) = n**3 + 8*n**2 + n + 1. Let s be y(-8). Calculate the remainder when v is divided by j(s).
23
What is the remainder when 42 is divided by (-8)/44 - 1596/(-66)?
18
Let v(n) = -n**3 + 4*n**2 + n + 3. Let b be v(3). Let j = 22 + b. What is the remainder when j is divided by 38/(-6)*(-2 + -1)?
18
Let o(z) = 3*z**2 - 10*z - 1. Let f be o(7). Let k(r) = -r**3 + 2*r**2 - 2*r - 2. Let d be k(3). Let u = d + f. What is the remainder when u is divided by 20?
19
Suppose 12*i - 300 = 2*i. What is the remainder when i*(-3)/(-8) + 2/(-8) is divided by 4?
3
What is the remainder when (-1406)/(-6) + 15/9 + -2 is divided by 70?
24
Let a = -128 - -216. What is the remainder when a is divided by 20?
8
Suppose 35*w - 2289 = 14*w. What is the remainder when 435 is divided by w?
108
Let k = 15 - -6. Suppose -4*o + 2*o + 44 = 5*q, 4*o - 24 = -2*q. What is the remainder when k is divided by q?
5
Calculate the remainder when 115 - ((-13)/(-39) + 8/(-6)) is divided by 17.
14
Let o = -576 - -584. Suppose 2 = t - 4. Calculate the remainder when o is divided by t.
2
Suppose 2*v + 22 = -4*n, v + v = 4*n + 18. Let i be v/(-1 - (-3)/2). Calculate the remainder when 3 is divided by i + (2 - -6) - 3.
0
Let h(g) = g + 47. Let b be h(0). Let q = b - 15. Let s(a) = a + 1. Calculate the remainder when q is divided by s(10).
10
Let q(s) = -2*s - 21. Let x be q(-5). Let u = x - -38. Calculate the remainder when 351/(-6)*(-8)/6 is divided by u.
24
S